/(-378)*(-1 + -6).
2, 31, 443
Let j(p) = 29*p**2 - 34*p + 125. List the prime factors of j(-11).
2, 3, 167
Suppose 3*d = -4*w + 17, -w - d + 13 = 4*w. What are the prime factors of (2 + -1)/((-19422)/(-9708) - w)?
2, 809
Suppose -12 = -3*k, -u = 5*k - 4496 - 1182. List the prime factors of 1/(u/1131 + -5).
13, 29
Let w(j) = -j**2 - 10*j + 585. Let c = 8 - 8. List the prime factors of w(c).
3, 5, 13
Suppose 8*q - 111120 + 26880 = -0*q. List the prime factors of q.
2, 3, 5, 13
Let b(m) be the third derivative of -4*m**4/3 + 31*m**3/6 - m**2 + 27. What are the prime factors of b(-9)?
11, 29
List the prime factors of -9 - (-16 + 3) - (-3016 + 0).
2, 5, 151
Suppose 24*u - 8 = 20*u, 3*u - 2055 = -3*l. Let x = l + -117. What are the prime factors of x?
2, 283
What are the prime factors of ((-2)/6)/(9/(-121635)) - 5?
2, 3, 5
Let h = -702 + 7848. What are the prime factors of h?
2, 3, 397
Suppose -28*p = -18*p - 26760. What are the prime factors of p?
2, 3, 223
Suppose -678*z - 45118 = -695*z. What are the prime factors of z?
2, 1327
Suppose 63*u - 91594 = 54251. List the prime factors of u.
5, 463
Let l(f) be the second derivative of 3*f**3 - 45/2*f**2 + 0 + 25*f. List the prime factors of l(7).
3
Let h(b) = -b**3 - 2*b**2 + 4*b + 2. Suppose -2*f - 6 = y, -y = 3*f + 6 + 3. Let x be h(f). What are the prime factors of x/(-3) - (-1075)/15?
2, 3
Let a(n) = n**2 + 19*n - 22. Let y be a(-18). Let p be 1 + y/(-12) + 3/(-9). Suppose -292 - 144 = -p*u. What are the prime factors of u?
109
Let w(d) = d**3 + 120*d**2 - 279*d - 21. List the prime factors of w(-122).
7, 607
Let t(n) = 5*n**2 + 5. Let h be t(2). Suppose -14*b - h = -19*b. What are the prime factors of 2/(b - 1715/345)?
3, 23
Suppose w - 2*g = 8320, 14*w - 9*w - 41595 = 5*g. What are the prime factors of w?
2, 4159
Suppose -2*l + 3*p + 23439 = 0, 28*p - 24*p - 58540 = -5*l. What are the prime factors of l?
2, 3, 61
Let y = -37 + 66. Suppose 0 = -2*q - 25 - y. Let k = 127 + q. What are the prime factors of k?
2, 5
List the prime factors of (10515 - -7) + (-70)/7 + (-4)/1.
2, 37, 71
Let v = 4597 + -2912. What are the prime factors of v?
5, 337
Suppose 126*s - 4630501 = -854659. List the prime factors of s.
3, 7, 1427
Let k = -12 - -15. Suppose -5 = -2*t - k. List the prime factors of 11 + -7 - (t - 84).
3, 29
Let d(p) = -722*p - 298. List the prime factors of d(-7).
2, 29, 41
Suppose -v - 23029 = -6*u, 4*u - 5*v = -10*v + 15381. List the prime factors of u.
11, 349
Let m(b) = -64*b - 17. Let f(x) = -1. Let c(p) = 4*f(p) - m(p). Let w be c(-2). Let y = w + 226. List the prime factors of y.
3, 37
Suppose 4*r + 50 = 2*l, 4*r = -2*l + 6*l - 56. Let a(m) = m + 35. Let w be a(r). Suppose 0 = 8*f - w*f + 2016. What are the prime factors of f?
2, 3, 7
Suppose 0 = 2*c, 4*j + 5*c - 1703 = -399. Suppose o - 178 - 123 = -2*f, 0 = -2*f + 4*o + j. Let r = f - 109. List the prime factors of r.
2, 11
Let b be (-1 - 0)/((-11)/(-14 + 36)). Suppose b*a - s - 2504 = 0, -5*s + 2*s + 4988 = 4*a. What are the prime factors of a?
2, 5
Let h = -42 + 102. Let f = h + -48. List the prime factors of 479/2 + (-6)/f.
239
Let y = -65 - -67. Suppose y = 2*q, -h = h - q - 137. Suppose -5*j - c + 584 = 0, -3*j - 4*c - h = -433. What are the prime factors of j?
2, 29
Let l = 76 - 5. Let n = l - 67. Suppose -n*t + 1386 = 5*t. What are the prime factors of t?
2, 7, 11
Suppose 0 = -7030*n + 6994*n + 348048. List the prime factors of n.
2, 2417
Let i be 0 - (-2 + 3)*-61*4. Let b = i - 220. What are the prime factors of b?
2, 3
Let n(k) = -k**3 + 34*k**2 + 34*k + 63. Let v(b) = -4*b + 2. Let g be v(-8). List the prime factors of n(g).
23, 53
Let y(c) = 3 - 4 - c**3 + 6*c**2 - 6*c + 2 - 4. Let m be y(3). Suppose 0 = -m*d + 2 + 220. What are the prime factors of d?
37
Let p be (80/(-12))/((-2)/105). Suppose 2*t - 3*l - p = -l, 0 = -4*t - 5*l + 655. Let r = t + -96. What are the prime factors of r?
2, 37
Suppose 4*z - 359 = 301. List the prime factors of z/55 - 42*(-54)/4.
2, 3, 5, 19
Let i be (-12 - -16)/((-10)/12 + 1). List the prime factors of 16/i - 292/(-3).
2, 7
Let y be -2 - (-72)/(4 - 1). Suppose y = -u + 24. Suppose 5*w - 47 = -u*i, -39 = -4*w - 2*i - i. What are the prime factors of w?
3
List the prime factors of -43 + 5933 - (4 + 0).
2, 3, 109
What are the prime factors of (79760/3)/4 + (-16)/24?
2, 3323
Let q = 5205 - 604. List the prime factors of q.
43, 107
Let j(i) = -26*i**3 - 5*i**2 - 3*i + 2. Let c be j(-2). Let y = -77 + c. Suppose 3*v - 322 = y. What are the prime factors of v?
3, 7
What are the prime factors of (14098/(-2))/(8*(-3)/24)?
7, 19, 53
Let m(n) = n**3 - 12*n**2 - 53*n + 1148. List the prime factors of m(25).
2, 1987
Let d be -2 - (-1 - (-816)/(-4)). Let l = d - 122. Let s = l - 41. List the prime factors of s.
2, 5
Let t(d) = d + 10. Let p be t(-4). Let i be -57 + (4 - p)*2. Let n = i - -92. What are the prime factors of n?
31
Let f(x) = -x**2 + 42*x + 59. Let q(t) = t + 1. Let k(a) = f(a) - q(a). List the prime factors of k(35).
2, 67
Let n(a) = 33*a - 16*a - 218*a - 68 - 47*a. What are the prime factors of n(-5)?
2, 293
Let p(a) = 381*a + 222. List the prime factors of p(16).
2, 3, 13
Let u(r) = 2*r**2 + 7*r + 9. Let v be u(4). Let p = 729 - v. List the prime factors of p.
2, 3, 5, 11
Suppose -4*a - 46 = v, -v + 7 + 13 = -2*a. Let z(i) = 4*i**2 - 12*i - 8. What are the prime factors of z(a)?
2, 19
Let j = 70 - 66. Suppose j*b - 3*s + 3 = 0, 11 = -5*b - 4*s - 16. Let y(g) = -6*g**3 - 2*g**2 + g - 1. What are the prime factors of y(b)?
2, 5, 7
What are the prime factors of (34/34)/((-2)/(-4)) + (3521 - 8)?
5, 19, 37
Let a(k) be the third derivative of -k**5/60 - 7*k**4/12 - 5*k**3/2 + 9*k**2. Let j be a(-13). Let g(f) = -86*f - 12. What are the prime factors of g(j)?
2, 5
Let k(c) = c**2 - 4*c - 8. Let v be k(6). Suppose -v*o + 184 = 3*u - 2*o, o = -u + 61. Let d = u + -31. What are the prime factors of d?
31
Let c(y) = 234*y + 63. Let k be c(-3). Let o = -409 - k. What are the prime factors of o?
2, 5, 23
List the prime factors of ((2 - 5) + 5)/((-107607)/35871 - -3).
11, 1087
List the prime factors of (-14561)/(984/(-48) + 20).
2, 14561
Let l(p) = 26*p**2 - 23*p - 9. Let u be l(13). Suppose 30*n - u = 12*n. What are the prime factors of n?
227
Let n(o) = 24*o - 50. Let f be -4 - -6 - (1 - -1). Suppose 0 = -10*i + 9*i - 3, f = -3*a + 2*i + 30. List the prime factors of n(a).
2, 71
Let k(z) = -385*z - 54. Let w(m) = -m**2 + 5*m - 9. Let u be w(2). What are the prime factors of k(u)?
3, 367
Let c(g) = -5*g**3 - 26*g**2 - 53*g - 114. List the prime factors of c(-10).
2, 11
Suppose -b = q + 25, q - 3*b - 115 = 6*q. Let c(k) = -k**3 - 19*k**2 + 12*k + 31. Let u be c(q). What are the prime factors of (-2)/((-14)/u) - (-16)/(-56)?
3
Suppose 2*r + 2*n = -0*r + 8, -8 = -2*r - 3*n. Let v = 8 - r. Suppose 20 = y + v*y. What are the prime factors of y?
2
Suppose 5*l + 3 = x + 10, -5*x - 170 = 2*l. List the prime factors of (312/x)/(-1 - 141/(-144)).
2, 3, 13
Let m(f) = -f**3 - 21*f**2 + 6*f + 21. What are the prime factors of m(-28)?
7, 109
Suppose -8*t - 1795 = -12915. What are the prime factors of t?
2, 5, 139
Suppose c + 122*f - 117*f = 3581, 4*f - 7156 = -2*c. List the prime factors of c.
2, 3, 149
Suppose -45*m + 47*m + 10 = 0. Let n(d) = -d**2 - 4*d + 8. Let r be n(m). What are the prime factors of r + (-1806)/(-10) + 21/(-35)?
3, 61
Let t(l) = 13*l + 1. Let r be t(-4). Suppose 8*b - 315 = 205. Let f = b + r. What are the prime factors of f?
2, 7
Let h(d) = d**2 - 7*d - 6. Let l be h(8). Let w(f) = -f**3 + 2*f**2 - 4*f + 3. Let y be w(l). What are the prime factors of y + (-3)/(9/(-816))?
3, 89
Let q = -76 - -119. Suppose 5*o + 142 + q = 0. Let b = 96 + o. What are the prime factors of b?
59
Let s(x) = x**2 + 10*x - 8. Let t be s(1). List the prime factors of (t - 2669)*20/(-40).
31, 43
Let f = -6 + -4. Let p be (0*(-5)/f)/(-2). Suppose -3*k - 11 + 104 = p. What are the prime factors of k?
31
Let i(g) = -22*g + 1. Let k be i(1). Let x = -21 - k. Let y(u) = -u + 71. List the prime factors of y(x).
71
Let k(q) = 52*q**2 - 75*q + 958. What are the prime factors of k(16)?
2, 5, 1307
Let a be (-17 - -24) + -2*1. Suppose -4*f + m + 1896 = 2*m, -a*m + 474 = f. What are the prime factors of f?
2, 3, 79
Let c = -5802 - 